870717 a multiple of 1960?
False
Is 56722188 a multiple of 492?
True
Is 636 a factor of 1052659796?
False
Does 1775 divide 18691310?
False
Is 1125 a factor of 483535125?
True
Is 53826647 a multiple of 161?
True
Does 3359 divide 134813465?
True
Is 3 a factor of 174454980?
True
Does 7 divide 4154861466?
True
Is 54 a factor of 311079969?
False
Does 127 divide 18830408?
False
Is 535 a factor of 2251414434?
False
Is 12 a factor of 16224312?
True
Is 10091953 a multiple of 31?
False
Is 38052315 a multiple of 63?
True
Is 7 a factor of 17845337?
False
Is 273921750 a multiple of 21?
False
Is 439 a factor of 286835137?
True
Is 295 a factor of 27028785?
True
Does 13 divide 1091862?
False
Is 326 a factor of 510008631?
False
Is 483575778 a multiple of 378?
True
Does 46 divide 174374546?
True
Does 180 divide 4107377?
False
Is 558109011 a multiple of 367?
True
Does 142 divide 607631206?
True
Does 19 divide 2790720?
True
Is 153 a factor of 16732233?
True
Is 25 a factor of 71670882?
False
Is 22 a factor of 53581483?
False
Does 178 divide 1166560?
False
Is 41 a factor of 76896159?
False
Is 6555 a factor of 66046267?
False
Is 116 a factor of 41614884?
True
Does 17 divide 2554173228?
True
Is 3 a factor of 77090484?
True
Does 176 divide 56364176?
True
Is 5 a factor of 95509534?
False
Is 232 a factor of 156350837?
False
Is 14955292 a multiple of 860?
False
Is 8 a factor of 324749473?
False
Does 2147 divide 1799917526?
False
Is 116807985 a multiple of 9?
True
Is 1544 a factor of 1333541992?
True
Does 585 divide 1448304249?
False
Is 83 a factor of 473790643?
True
Is 33 a factor of 62637003?
True
Is 48533583 a multiple of 3?
True
Does 9 divide 163814182?
False
Does 340 divide 106788560?
True
Does 2044 divide 24691520?
True
Does 3527 divide 1153679453?
False
Is 971 a factor of 312326321?
False
Is 11 a factor of 15632318?
False
Is 28 a factor of 182730072?
True
Is 10779978 a multiple of 22?
True
Is 11399818 a multiple of 8416?
False
Is 3255 a factor of 78020650?
False
Does 6749 divide 2084855764?
False
Is 69 a factor of 111626181?
False
Does 15 divide 2647818975?
True
Is 44772651 a multiple of 21?
True
Is 1976 a factor of 270712?
True
Is 389920013 a multiple of 266?
False
Does 37 divide 1271348601?
True
Is 181366701 a multiple of 430?
False
Is 940 a factor of 139102075?
False
Does 15 divide 15078431?
False
Is 4 a factor of 480438604?
True
Is 71 a factor of 22644694?
False
Is 5664675 a multiple of 19?
False
Is 113 a factor of 3027445941?
True
Is 386449152 a multiple of 4453?
True
Is 1673 a factor of 964372409?
True
Is 57245172 a multiple of 14?
False
Is 169 a factor of 872055548?
True
Is 14 a factor of 404657179?
False
Is 18 a factor of 1145629152?
True
Is 218432814 a multiple of 29?
True
Is 1308377856 a multiple of 2064?
True
Is 2583120 a multiple of 188?
True
Is 1447775053 a multiple of 59?
False
Does 81 divide 4678707?
False
Is 81500540 a multiple of 44?
True
Is 12 a factor of 88716876?
True
Does 4 divide 1006740?
True
Does 4 divide 211314?
False
Is 7 a factor of 168665433?
False
Is 26624052 a multiple of 84?
True
Is 348788265 a multiple of 35?
True
Is 357 a factor of 1721015604?
True
Is 173885836 a multiple of 206?
True
Does 9 divide 22666607?
False
Is 798172887 a multiple of 69?
True
Is 480 a factor of 102128160?
True
Is 4392283420 a multiple of 36?
False
Is 110042526 a multiple of 20?
False
Is 69 a factor of 24750714?
True
Is 4 a factor of 6917740?
True
Is 138695676 a multiple of 98?
True
Is 774 a factor of 92595168?
True
Is 1169742969 a multiple of 10?
False
Does 1252 divide 860069?
False
Is 17 a factor of 4802024?
True
Is 209520 a multiple of 1746?
True
Is 128 a factor of 144340118?
False
Does 485 divide 67000810?
True
Is 9535290 a multiple of 6?
True
Is 1408073431 a multiple of 93?
False
Is 136990140 a multiple of 30?
True
Is 4062258 a multiple of 18?
True
Is 4557246299 a multiple of 397?
False
Does 1049 divide 2263312539?
False
Does 308 divide 555423176?
True
Is 51192400 a multiple of 1556?
True
Is 4851081 a multiple of 600?
False
Does 14 divide 35539378?
True
Does 696 divide 1336490520?
True
Is 118446 a multiple of 6?
True
Does 2420 divide 11385910?
False
Is 17 a factor of 461310555?
True
Does 31 divide 2949619?
True
Is 37135420 a multiple of 70?
True
Is 97464170 a multiple of 762?
False
Is 1657161097 a multiple of 38?
False
Is 5 a factor of 13567480?
True
Is 98 a factor of 407238740?
False
Is 105707481 a multiple of 69?
False
Is 34 a factor of 7224786?
False
Does 16 divide 30982432?
True
Is 9630 a factor of 1069883370?
True
Is 4004 a factor of 1645004170?
False
Is 172 a factor of 279471964?
True
Does 43 divide 151589491?
True
Is 55270706 a multiple of 17?
True
Does 2 divide 391972134?
True
Is 1683042240 a multiple of 2112?
True
Is 1873 a factor of 40412744?
False
Is 366771896 a multiple of 514?
True
Is 4145100 a multiple of 41?
True
Is 22 a factor of 13664995?
False
Is 404 a factor of 39470396?
True
Is 21 a factor of 9814232?
False
Is 1263 a factor of 5238185?
False
Is 198 a factor of 72976068?
True
Does 15 divide 2463480574?
False
Does 9 divide 5086231?
False
Is 35742215 a multiple of 677?
True
Is 16922380 a multiple of 590?
True
Is 2771766964 a multiple of 9?
False
Is 764442034 a multiple of 155?
False
Does 4 divide 2275440?
True
Does 7 divide 1665037234?
True
Is 1490 a factor of 11687560?
True
Does 11 divide 6830057?
False
Is 85590273 a multiple of 151?
True
Is 12182180 a multiple of 230?
True
Is 14433170 a multiple of 5?
True
Is 318 a factor of 67307976?
False
Is 850310622 a multiple of 882?
True
Is 705142 a multiple of 34?
False
Does 139 divide 9841072?
False
Does 1601 divide 4855833?
True
Is 529 a factor of 384555492?
True
Is 2 a factor of 118039217?
False
Is 32 a factor of 29265088?
True
Does 8707 divide 1140956573?
True
Is 4782097 a multiple of 845?
False
Is 48340440 a multiple of 2078?
False
Does 356 divide 3169112?
True
Does 3 divide 61532553?
True
Does 22 divide 77929940?
True
Is 509204610 a multiple of 45?
True
Is 31 a factor of 2491796089?
True
Is 13966225 a multiple of 65?
True
Does 22 divide 86099361?
False
Does 371 divide 74902611?
False
Is 11 a factor of 469211501?
True
Is 745208750 a multiple of 79?
False
Does 1640 divide 27902960?
True
Is 232 a factor of 51081131?
False
Is 379458488 a multiple of 172?
True
Is 14503274 even?
True
Is 904156629 a multiple of 57?
True
Is 45 a factor of 2542660097?
False
Is 4864 a factor of 7961080?
False
Is 8 a factor of 354371480?
True
Is 2236764135 a multiple of 217?
False
Does 622 divide 42916134?
True
Is 8 a factor of 627584839?
False
Is 3 a factor of 18940161?
True
Does 352 divide 20768492?
False
Is 35516700 a multiple of 670?
True
Is 18923093 a multiple of 2?
False
Is 38 a factor of 2249456436?
True
Does 31 divide 404934338?
True
Does 125 divide 23864070?
False
Is 18 a factor of 518745906?
True
Is 59 a factor of 391851893?
False
Does 560 divide 1011278800?
True
Is 58207898 a multiple of 14?
True
Is 377 a factor of 29967730?
True
Is 28102550 a multiple of 270?
False
Is 39145634 a multiple of 1161?
False
Is 5 a factor of 4374937?
False
Is 39 a factor of 862624269?
True
Is 589628 a multiple of 17?
True
Is 48 a factor of 3485328?
True
Is 43 a factor of 86419053?
False
Does 16 divide 2014495760?
True
Is 40 a factor of 266848920?
True
Does 54 divide 31062528?
True
Is 1156624137 a multiple of 1716?
False
Is 76859055 a multiple of 63?
True
Is 53 a factor of 53286580?
False
Does 2106 divide 132970864?
False
Is 336 a factor of 13748448?
True
Is 1510206012 a multiple of 9?
True
Does 14 divide 18046930?
False
Is 1325 a factor of 103461300?
True
Is 1308574585 a multiple of 6830?
False
Is 27277773 a multiple of 18?
False
Does 2547 divide 286057897?
False
Is 5 a factor of 5685936?
False
Does 517 divide 201573647?
True
Is 1484 a factor of 43969033?
False
Is 7 a factor of 11189792?
False
Is 8 a factor of 294100832?
True
Does 19 divide 178717988?
False
Is 307 a factor of 224636505?
True
Is 1227325032 a multiple of 383?
True
Does 305 divide 115103657?
False
Is 2514512 a multiple of 77?
True
Does 354 divide 260401023?
False
Is 260521033 a multiple of 331?
False
Does 499 divide 278822820?
False
Is 21 a factor of 886676353?
False
Is 138 a factor of 2891512?
False
Does 144 divide 407472336?
True
Is 13343 a factor of 4120280